{"id":2218,"date":"2026-04-06T20:21:02","date_gmt":"2026-04-06T20:21:02","guid":{"rendered":"https:\/\/fanitemizlik.com\/?post_type=product&#038;p=2218"},"modified":"2026-04-06T20:24:03","modified_gmt":"2026-04-06T20:24:03","slug":"maratem-endustriyel-bulasik-parlaticisi-20-lt","status":"publish","type":"product","link":"https:\/\/fanitemizlik.com\/?product=maratem-endustriyel-bulasik-parlaticisi-20-lt","title":{"rendered":"Maratem End\u00fcstriyel Bula\u015f\u0131k Parlat\u0131c\u0131s\u0131 20 lt"},"content":{"rendered":"\t\t<div data-elementor-type=\"wp-post\" data-elementor-id=\"2218\" class=\"elementor elementor-2218\">\n\t\t\t\t<div class=\"elementor-element elementor-element-7d69166e e-flex e-con-boxed e-con e-parent\" data-id=\"7d69166e\" data-element_type=\"container\" data-e-type=\"container\">\n\t\t\t\t\t<div class=\"e-con-inner\">\n\t\t\t\t<div class=\"elementor-element elementor-element-47f3f8d1 elementor-widget elementor-widget-text-editor\" data-id=\"47f3f8d1\" data-element_type=\"widget\" data-e-type=\"widget\" data-widget_type=\"text-editor.default\">\n\t\t\t\t\t\t\t\t\t<p>Bir c\u00fcmlelik a\u00e7\u0131klama bu alanda.<\/p>\t\t\t\t\t\t\t\t<\/div>\n\t\t\t\t\t<\/div>\n\t\t\t\t<\/div>\n\t\t\t\t<\/div>\n\t\t","protected":false},"excerpt":{"rendered":"<ul>\n<li style=\"list-style-type: none;\">\n<ul>\n<li>\n<p style=\"font-weight: 400;\"><b><strong>End\u00fcstriyel Bula\u015f\u0131k Makineleri \u0130\u00e7in Parlat\u0131c\u0131 <\/strong><\/b><\/p>\n<p style=\"font-weight: 400;\"><b><strong>UYGULAMA<\/strong><\/b><br \/>\nDozaj pompalar\u0131 ile kullan\u0131l\u0131r, kullan\u0131m i\u00e7in pompa hortumu ambalaj kapa\u011f\u0131ndan ge\u00e7irilmeli ve kapak kullan\u0131m s\u00fcresince kapal\u0131 tutulmal\u0131d\u0131r. Yaln\u0131zca profesyonel kullan\u0131m i\u00e7indir. Durulama suyu s\u0131cakl\u0131\u011f\u0131 80-90\u02daC olmal\u0131d\u0131r.<\/p>\n<p style=\"font-weight: 400;\"><b><strong>KULLANIM M\u0130KTARI<br \/>\n<\/strong><\/b>Standart kullan\u0131m dozu 1gr\/L dir, bu doz ihtiyaca g\u00f6re \u00b1 %50 oran\u0131nda de\u011fi\u015ftirilebilir.<\/p>\n<p style=\"font-weight: 400;\"><b><strong>SA\u011eLIK VE G\u00dcVENL\u0130K<br \/>\n<\/strong><\/b>G\u00fcvenlik talimatlar\u0131 i\u00e7in \u00fcr\u00fcn g\u00fcvenlik bilgi formunu okuyunuz.<\/p>\n<p style=\"font-weight: 400;\"><b><strong>F\u0130Z\u0130KSEL VE K\u0130MYASAL \u00d6ZELL\u0130KLER<br \/>\n<\/strong><\/b>G\u00f6r\u00fcn\u00fc\u015f: S\u0131v\u0131<\/p>\n<p style=\"font-weight: 400;\"><b><strong>DEPOLAMA<\/strong><\/b><br \/>\nSerin ve kuru ortamda muhafaza ediniz. Donmaktan koruyunuz.<\/p>\n<p style=\"font-weight: 400;\"><b><strong>AMBALAJ<\/strong><\/b><br \/>\n20 Lt<\/p>\n<p>\u0130\u00e7erdi\u011fi y\u00fczey aktif maddeler sayesinde makineden \u00e7\u0131kan temizlenmi\u015f bula\u015f\u0131\u011f\u0131n lekesiz kurumas\u0131n\u0131 sa\u011flar.<br \/>\n\u2022 Bula\u015f\u0131klar\u0131n \u00fczerinden suyu ak\u0131tarak damla ve su lekesi kalmas\u0131n\u0131 \u00f6nler ve bula\u015f\u0131klarda parlakl\u0131k sa\u011flar.<br \/>\n\u2022 Dozaj pompas\u0131 ile kullan\u0131l\u0131r.<\/li>\n<\/ul>\n<\/li>\n<\/ul>\n","protected":false},"featured_media":2219,"template":"","meta":{"_bst_post_transparent":"default","_bst_post_title":"","_bst_post_layout":"default","_bst_post_sidebar_id":"","_bst_post_content_style":"default","_bst_post_vertical_padding":"default","_bst_post_feature":"","_bst_post_feature_position":"","_bst_post_header":false,"_bst_post_footer":false},"product_brand":[],"product_cat":[95],"product_tag":[],"class_list":{"0":"post-2218","1":"product","2":"type-product","3":"status-publish","4":"has-post-thumbnail","6":"product_cat-deterjan-kimyasal","8":"first","9":"instock","10":"featured","11":"shipping-taxable","12":"product-type-simple","13":"entry","14":"content-bg","15":"loop-entry"},"_links":{"self":[{"href":"https:\/\/fanitemizlik.com\/index.php?rest_route=\/wp\/v2\/product\/2218","targetHints":{"allow":["GET"]}}],"collection":[{"href":"https:\/\/fanitemizlik.com\/index.php?rest_route=\/wp\/v2\/product"}],"about":[{"href":"https:\/\/fanitemizlik.com\/index.php?rest_route=\/wp\/v2\/types\/product"}],"version-history":[{"count":2,"href":"https:\/\/fanitemizlik.com\/index.php?rest_route=\/wp\/v2\/product\/2218\/revisions"}],"predecessor-version":[{"id":2221,"href":"https:\/\/fanitemizlik.com\/index.php?rest_route=\/wp\/v2\/product\/2218\/revisions\/2221"}],"wp:featuredmedia":[{"embeddable":true,"href":"https:\/\/fanitemizlik.com\/index.php?rest_route=\/wp\/v2\/media\/2219"}],"wp:attachment":[{"href":"https:\/\/fanitemizlik.com\/index.php?rest_route=%2Fwp%2Fv2%2Fmedia&parent=2218"}],"wp:term":[{"taxonomy":"product_brand","embeddable":true,"href":"https:\/\/fanitemizlik.com\/index.php?rest_route=%2Fwp%2Fv2%2Fproduct_brand&post=2218"},{"taxonomy":"product_cat","embeddable":true,"href":"https:\/\/fanitemizlik.com\/index.php?rest_route=%2Fwp%2Fv2%2Fproduct_cat&post=2218"},{"taxonomy":"product_tag","embeddable":true,"href":"https:\/\/fanitemizlik.com\/index.php?rest_route=%2Fwp%2Fv2%2Fproduct_tag&post=2218"}],"curies":[{"name":"wp","href":"https:\/\/api.w.org\/{rel}","templated":true}]}}